e number?
False
Is 178633495 composite?
True
Is 169370739793 a prime number?
True
Is 59962578343 a prime number?
True
Is 86648842897 composite?
False
Is 11765061817 a composite number?
True
Is 7165192361 a prime number?
True
Is 1081449119 composite?
True
Is 30371610671 a prime number?
True
Is 5240975069 composite?
True
Is 15695446429 composite?
True
Is 61791692779 a composite number?
False
Is 2195694463 a composite number?
True
Is 102795967 a composite number?
False
Is 493029593 a prime number?
False
Is 16226086543 a composite number?
True
Is 2113922719 a prime number?
True
Is 380311793 composite?
False
Is 79666193 a composite number?
True
Is 56563486054 a composite number?
True
Is 4221746647 a prime number?
True
Is 2774626351 prime?
False
Is 474947081 composite?
True
Is 13637585947 composite?
False
Is 2617754651 composite?
False
Is 2603560109 composite?
False
Is 230497007395 a composite number?
True
Is 903221591 a composite number?
True
Is 631551749 a composite number?
True
Is 100324947529 prime?
True
Is 6067204433 prime?
False
Is 4337021531 a composite number?
True
Is 17596237201 prime?
True
Is 11165741879 prime?
True
Is 12064942754 composite?
True
Is 15247010957 composite?
True
Is 272389927603 a composite number?
True
Is 1358391941 a prime number?
True
Is 333578951 composite?
True
Is 37215917273 prime?
False
Is 15620189927 prime?
True
Is 64369463011 a prime number?
False
Is 877749629 a prime number?
False
Is 1147182199 a composite number?
False
Is 1193684315 a composite number?
True
Is 423453515 a prime number?
False
Is 7434380333 a composite number?
True
Is 19398902507 composite?
True
Is 84632339371 a composite number?
True
Is 90610171 prime?
True
Is 6215462959 a prime number?
False
Is 9703277791 prime?
False
Is 10314775763 composite?
False
Is 213039545 composite?
True
Is 84910145839 a prime number?
True
Is 22609635661 a composite number?
True
Is 2191494001 a prime number?
True
Is 901434253 a prime number?
True
Is 2121676519 a prime number?
True
Is 138984611 composite?
False
Is 25297302119 a composite number?
False
Is 11029035821 a prime number?
False
Is 15565425851 a prime number?
True
Is 13890142081 prime?
True
Is 1378031267 prime?
True
Is 70913270947 a prime number?
True
Is 139024313 composite?
True
Is 7913866717 composite?
False
Is 23145238509 composite?
True
Is 3304763207 composite?
True
Is 57384553 composite?
False
Is 3169416119 prime?
False
Is 242952349 a prime number?
True
Is 4471390659 a prime number?
False
Is 2303376697 a prime number?
False
Is 942699686 composite?
True
Is 1383434339 prime?
False
Is 2450557541 a composite number?
False
Is 64678314273 a composite number?
True
Is 3494492843 a prime number?
True
Is 16274503 a composite number?
True
Is 2921565538 a prime number?
False
Is 1175094737 composite?
False
Is 17134513663 composite?
False
Is 2546255951 prime?
True
Is 2224216991 composite?
False
Is 1861845809 a prime number?
False
Is 4861391333 prime?
False
Is 276700153 composite?
True
Is 57996629987 prime?
False
Is 8473201399 a composite number?
True
Is 35901083027 a composite number?
True
Is 540554837 a prime number?
True
Is 109782852133 a composite number?
False
Is 210318503 a prime number?
False
Is 1139338393 a composite number?
True
Is 24417460429 a composite number?
True
Is 819880069 a composite number?
False
Is 26827951 prime?
True
Is 256803689 a prime number?
True
Is 170099212813 prime?
False
Is 42973264549 composite?
True
Is 32627509039 a composite number?
False
Is 6825057069 prime?
False
Is 4947557467 composite?
True
Is 154259797 prime?
True
Is 10887432487 a prime number?
False
Is 22892461133 prime?
True
Is 4761078631 a prime number?
True
Is 17761852883 composite?
True
Is 1570969069 prime?
False
Is 41764546999 composite?
True
Is 16387442891 a prime number?
False
Is 460565051 composite?
False
Is 206147651 a composite number?
False
Is 2705436869 a prime number?
True
Is 271724041 prime?
False
Is 88206420311 composite?
True
Is 237199811 prime?
False
Is 669444023 a composite number?
True
Is 774674471 prime?
True
Is 2806504889 composite?
True
Is 745761433 a prime number?
True
Is 15079677853 prime?
True
Is 1289607829 composite?
False
Is 731198623 prime?
False
Is 749720827 a prime number?
True
Is 2954690443 a prime number?
False
Is 558890621 prime?
False
Is 262350829 prime?
False
Is 4602838763 prime?
True
Is 914740781 prime?
False
Is 1509152213 a prime number?
False
Is 6694325641 composite?
True
Is 21599547539 composite?
False
Is 2657536513 prime?
False
Is 700350341 composite?
False
Is 1506974081 prime?
False
Is 14303647 prime?
False
Is 16356956039 prime?
True
Is 11265761363 a prime number?
True
Is 8774718031 a composite number?
False
Is 2034400867 a composite number?
False
Is 57229863961 prime?
True
Is 195121301 composite?
False
Is 2233833233 a composite number?
True
Is 3751627771 a prime number?
True
Is 1345644287 prime?
False
Is 6499447 prime?
False
Is 5164317101 composite?
True
Is 7954369669 prime?
True
Is 53238081763 a composite number?
False
Is 2622499973 composite?
True
Is 47706088399 a composite number?
True
Is 6175845919 prime?
False
Is 14764166399 a composite number?
False
Is 273089029 a prime number?
True
Is 145821293314 composite?
True
Is 10172693 a composite number?
True
Is 348105463 prime?
True
Is 2100843301 a prime number?
False
Is 5723599085 prime?
False
Is 2190220853 a prime number?
False
Is 2070506807 prime?
False
Is 194426339 a composite number?
False
Is 10833516845 a prime number?
False
Is 14325524629 a prime number?
False
Is 12968881949 a prime number?
True
Is 1446399602 composite?
True
Is 3542075773 a prime number?
True
Is 954870919 composite?
True
Is 6409526029 a prime number?
True
Is 31759478537 composite?
True
Is 1389254201 a prime number?
True
Is 1732344179 a prime number?
False
Is 655080869 prime?
True
Is 2232350697 composite?
True
Is 6600083669 composite?
False
Is 4176524207 composite?
True
Is 50316800453 prime?
True
Is 13226007793 a prime number?
True
Is 40009609777 prime?
False
Is 6411062311 a composite number?
False
Is 10486185977 a composite number?
False
Is 428567851 a composite number?
True
Is 314093831 a prime number?
False
Is 100518239 a prime number?
True
Is 34744059839 composite?
True
Is 130888109141 composite?
False
Is 3879994355 composite?
True
Is 3504346987 prime?
False
Is 7090174783 composite?
False
Is 17192004493 a prime number?
False
Is 5341189715 a composite number?
True
Is 15824594771 a prime number?
False
Is 6562295651 composite?
True
Is 71897766133 prime?
True
Is 104145863749 a prime number?
False
Is 22974153011 a prime number?
True
Is 1736083301 a prime number?
True
Is 47230157099 prime?
True
Is 11791570979 composite?
True
Is 3205760627 prime?
True
Is 79830855007 prime?
True
Is 44966696201 a prime number?
False
Is 1331828963 prime?
False
Is 5196489509 prime?
True
Is 10055576389 a prime number?
True
Is 12363010043 a composite number?
False
Is 77584176497 a prime number?
False
Is 402773459 composite?
True
Is 2526960809 a composite number?
False
Is 56354087969 a composite number?
True
Is 905455613 a composite number?
False
Is 26234010853 composite?
True
Is 358392183113 a prime number?
False
Is 4122666857 prime?
True
Is 12782064929 composite?
False
Is 7668713761 a prime number?
True
Is 77155943 a prime number?
False
Is 403330723 composite?
False
Is 271281001 prime?
False
Is 800230219 a prime number?
True
Is 5500581245 a composite number?
True
Is 99250130879 composite?
True
Is 3053130131 a composite number?
False
Is 20693039 composite?
False
Is 774982799 a prime number?
True
Is 28831057 composite?
True
Is 87196435301 composite?
False
Is 41474879 a composite number?
False
Is 9199716385 a composite number?
True
Is 13491287881 prime?
True
Is 532765127 a composite number?
True
Is 3130574779 a prime number?
True
Is 4239483 composite?
True
Is 593207233 a composite number?
False
Is 763661887 a prime number?
False
Is 70028493229 prime?
False
Is 7855511641 a composite number?
True
Is 1706387779 prime?
False
Is 11315125567 a prime number?
False
Is 191765991113 a composite number?
False
Is 5198811641 prime?
False
Is 449772353 prime?
False
Is 257749051 a prime number?
False
Is 6298550131 a composite number?
True
Is 8211428971 a prime number?
True
Is 5357107333 a prime number?
True
Is 2640